erivative of 5*y**2 - 1/8*y**a - 1/6*y**3 + 0 - 1/60*y**5 + 0*y. Give o(-4).
-5
Let n = -5 + 9. Let g(l) = 2 + l - n*l - 2. Suppose 4 = 2*t + 2, -4*t - 8 = -4*p. Calculate g(p).
-9
Let o(r) = -r**2 + 8*r - 3. Let c be o(-6). Let l = -85 - c. Let p(q) = -3*q + 3. Give p(l).
-3
Let q be (-2)/8 + 2/8. Let v be 27/45 - 3/5. Let j(x) = -x**3 + 2*x + 1 + v*x - 3*x. Give j(q).
1
Let w(d) = d**3 + d**2 - d + 1. Suppose -3*n + 2*n + 68 = 4*u, -2*u = n - 36. Suppose -u*m = -13*m. Calculate w(m).
1
Suppose 3*i - a + 9 = 0, 7 - 1 = -2*i + 5*a. Let p be i/18 - (-545)/30. Suppose 8*k = 2*k + p. Let z(w) = -w - 4. What is z(k)?
-7
Let h(p) be the first derivative of -8*p - 1/3*p**3 + 1/4*p**4 + 4 + 0*p**2. Suppose 2*v + 3*v + r = 0, -2*v = 4*r. What is h(v)?
-8
Suppose -5*i + 15 = h, -5*h - 12 = 5*i - 7. Let w(a) be the first derivative of 1/3*a**3 + 1/4*a**i + 4*a + 4 + 1/2*a**2. What is w(0)?
4
Let n = 5 - 0. Suppose 0*q = 4*q - 3*m - 24, 0 = -5*m. Let w(p) = 5*p - 2*p - 2*p - q + 2. Calculate w(n).
1
Let b(z) = -z + 8. Let q = -3 - -10. Calculate b(q).
1
Let p = 382 + -370. Let k(a) = 2*a - 2. Calculate k(p).
22
Let q(a) = -a**2 + 2*a + 5. Suppose 0 = 6*u - 4*u. Suppose -8*j + 32 = -u. Give q(j).
-3
Let z(q) = 12*q**2 + 31*q + 70. Let c(v) = -5*v**2 - 15*v - 35. Let g(n) = -5*c(n) - 2*z(n). Give g(-10).
5
Let b = -32 - -35. Let l(s) = 4*s**2 + s**b - 6*s**2 - s**2 - 2. Determine l(3).
-2
Suppose 6*o - 107*o = 122 - 324. Let w(f) = f**3 - 2 - f**2 + 0*f**2 + 1 - 2*f. What is w(o)?
-1
Let l(c) = -c**2 + 8. Let g = -91 + 75. Let m(a) = -a**2 - 18*a - 32. Let o be m(g). Calculate l(o).
8
Let k(s) = 3*s**2 + s - s**2 - 1 - 3*s - 9*s**2. Let j be k(-1). Let i(d) = 2*d**2 - 5*d - 5 - 6*d**2 + 9 + 3*d**2. What is i(j)?
-2
Let r(u) be the second derivative of -7*u**3/6 - 9*u**2/2 - 57*u. Give r(4).
-37
Let g(a) be the first derivative of 1/2*a**2 + 0*a + 7. Suppose -8*r = -3*r. Determine g(r).
0
Let h(s) be the second derivative of -s**3/6 - 7*s**2/2 - 3*s + 10. Calculate h(-8).
1
Suppose -5*q = 5*p - 25, 4*p - 16 = -p - 2*q. Let c(k) = -k**p + 4 - 5*k - 12 + 17*k + 2*k**2. Determine c(-12).
-8
Suppose -3*b + 3 = m, -3*m + 7 = 5*b - 2*m. Let l be (-198)/27 + 2/12*b. Let a(c) = c**3 + 8*c**2 + 6*c + 1. Calculate a(l).
8
Let k = 965 + -959. Let p(o) = -8*o + 33. Determine p(k).
-15
Let q(w) = -6*w**3 + 2*w**2 - w. Let i(h) = -h**2 - 8*h - 3. Let j be i(-7). Suppose 0 = -r + j*r - 15. Suppose r*n = n + 4. Calculate q(n).
-5
Let y(p) = -p**2 + 11*p. Let c(u) = u - 1. Let i be 188/(-60) + 2/15. Let h(t) = i*c(t) + y(t). What is h(6)?
15
Let r(x) be the second derivative of -x**7/2520 + x**6/180 + 4*x**4/3 - 13*x. Let m(q) be the third derivative of r(q). What is m(3)?
3
Let y(h) = -65*h - 16 + 55*h + 24 - h**2. Determine y(-10).
8
Let w(g) be the first derivative of g**2/2 + g - 50. Determine w(-6).
-5
Let s(f) = 45*f + 2. Let q(y) = 51*y + 2. Let t(z) = -26*z - 1. Let u(x) = 3*q(x) + 5*t(x). Let v(p) = 6*s(p) - 11*u(p). Calculate v(1).
18
Let t(p) = -p**3 + 16*p**2 - 14*p - 12. Let w be -3 - ((-21)/49 + (-123)/7). Determine t(w).
3
Let y(f) = -1. Let s(k) = k + 11. Let r(m) = -s(m) + 3*y(m). Let w(v) = 2*v**2 - 64*v + 55. Let c be w(31). Determine r(c).
-7
Let j(z) = 2*z**2 + 3*z - 5. Let y(d) = -2*d**2 - 3*d + 6. Let w(t) = -6*j(t) - 5*y(t). Determine w(-2).
-2
Let d be (-118)/(-14) + (-12)/28. Let z(b) = 52*b + 16. Let y(g) = 23*g + 8. Let p(x) = -9*y(x) + 4*z(x). Give p(d).
0
Suppose -3*o + 6 - 12 = 0. Let a(g) be the first derivative of g**4/4 + 2*g**3/3 - g**2 - 3*g - 30. What is a(o)?
1
Let r(g) = 3*g - 4. Let b be r(5). Let f(j) = 15*j - b*j - 2 + 4. What is f(3)?
14
Let w(d) = d**2 - 6*d - 7. Suppose -1 = 2*a - 11. Suppose -20 - 5 = -a*v. Calculate w(v).
-12
Let p(d) = -d**3 - 3*d**2 + 5*d - 4. Let f(h) = -13*h + 359. Let l be f(28). Calculate p(l).
21
Let m = 415 + -413. Let t(p) be the second derivative of 0 - 1/4*p**4 + 1/3*p**3 - 7*p + p**m. Give t(-2).
-14
Let r(f) = 18*f - 151. Let u be r(8). Let s(p) = -p**2 - 4*p + 16. Determine s(u).
-5
Let l(r) = -96*r - 772. Let u be l(-8). Let d(a) = -2*a**2 - 5*a + 2. What is d(u)?
-10
Let y(l) = l**2 - 27. Let z be y(5). Let x(p) = -2*p**2 - p - 2. Let c(h) = -2*h**2 - h - 3. Let q(m) = -3*c(m) + 4*x(m). Give q(z).
-5
Let k(g) be the second derivative of 1/12*g**4 - 2*g + 1/2*g**3 + 0 - 7/2*g**2. Suppose 2*y = -3*y - 20, 5*o - 5*y = -5. What is k(o)?
3
Let g(v) be the second derivative of v**6/720 - v**5/40 - 11*v**4/4 - 3*v + 11. Let f(w) be the third derivative of g(w). Calculate f(0).
-3
Let k be 2 - (-3 - (-1)/(-1)). Let r(s) = 8*s**2 + 2*s - 4. Let j(w) = w - 3 + 13*w**2 + 2*w**2 - 8*w**2. Let d(x) = -7*j(x) + 6*r(x). Calculate d(k).
-9
Let r(v) = -4 - v**2 + 7 - v + 6*v. Suppose 19*n - 22*n = 12, 2*n + 18 = 2*y. What is r(y)?
3
Let m(k) be the first derivative of -k**5/60 + 5*k**4/24 + 11*k**3/3 + 7. Let o(i) be the third derivative of m(i). Suppose -q - 3*q + 16 = 0. Calculate o(q).
-3
Let l(a) = a - 6. Let g = -29 + 24. Give l(g).
-11
Let p(b) be the second derivative of -1/4*b**4 + 0 + 0*b**2 + 0*b**3 - 1/30*b**5 + 1/720*b**6 + 7*b. Let l(i) be the third derivative of p(i). Give l(8).
4
Let i = -123 - -121. Let j(o) = -8*o - 3. Give j(i).
13
Let u(q) = q - 1. Let h be u(1). Suppose 0 = -h*a + 13*a - 117. Let s(l) = l**3 - 9*l**2. Give s(a).
0
Let n(h) = -h + 1. Let w(f) = 11*f**2 - 5*f - 18. Let y(o) = -7*o**2 + 3*o + 12. Let d(i) = 5*w(i) + 8*y(i). Let x(k) = d(k) + 5*n(k). Determine x(-9).
-16
Let o(w) = -w**3 + 4*w**2 + 6*w. Let g be 16/(-56) + 86/7. Suppose -4 = g*t - 13*t. Suppose l = c - l - 11, -c = 3*l + t. What is o(c)?
5
Let o(u) = -7*u**2 + 1. Let a = -69 - -73. Suppose 0 = 4*w + a + 8, 3*d - w = 0. Calculate o(d).
-6
Let i(o) = 41*o + 339. Let n be i(-8). Let k = 41 - 29. Suppose 15*s + k = n*s. Let w(u) = 3*u**2 + 2*u - 3. Give w(s).
18
Let p be 5 + (6/(-6) - 12). Let x(a) = -a**3 - 8*a**2 - a - 12. Calculate x(p).
-4
Let i(c) = 4*c**3 - 517*c**2 + 8*c**3 - 1 + 518*c**2 + 19*c**3. Determine i(-1).
-31
Let z(i) = -3*i + 9*i - 3*i + 78 - 98. Give z(11).
13
Let h be (12/15)/(8/(-100)). Let u = h - -12. Let c(k) = -12*k**2 - 9*k - k**3 + 4 + 7 + 5*k**u + 2*k**3. Determine c(8).
3
Let c(r) = -10*r**2 + r**3 + 14*r**2 + 2*r + 6 - 2. Suppose u - 17 = 5*t, 0 = 2*t + 3*u + u - 2. Calculate c(t).
7
Suppose -9 = -2*x - 2*d + 5, 0 = 5*x - 4*d - 8. Let z(m) = m**2 - 7*m + 4. Calculate z(x).
-8
Let h = 5 + 1. Suppose 5*g + 0 = 5*c - 15, 5*c = -5*g - 15. Let u(t) = -4*t + c + 11*t - t**2 - 1 - 5. Determine u(h).
0
Let d = 64 + -62. Let t = d - -3. Let z(j) = -7*j + 7. Calculate z(t).
-28
Let l(j) be the first derivative of -3*j**2/2 - 115. Let t(b) = b**2 - 2*b + 3. Let y be t(2). Suppose y*h + 1 = -2. Determine l(h).
3
Let o be (60/(-6) + 8)/((-2)/22). Let i(y) = -15 + 40 + 3*y - o. Calculate i(-2).
-3
Let r be (2/4)/((-3)/18). Let g(n) = -33*n**3 + 32*n**3 - n - 3*n**2 + n**2 + 4 - 2*n**2. Determine g(r).
-2
Let w = 557 + -563. Let a(f) = f**2 + 3*f - 1. Give a(w).
17
Let x = -35 + 29. Let c(a) = -7*a**2 - a + 3. Let n(m) = 13*m**2 + m - 5. Let w(o) = x*n(o) - 11*c(o). Determine w(4).
1
Let o(k) = 12 + 19*k - 60*k + 22*k + 21*k. Calculate o(-8).
-4
Let i = -27 + 28. Suppose 3*k = 14 + i. Let t(w) = w**2 - 5*w + 2. Determine t(k).
2
Let r(g) = -7*g. Let t(p) = p**3 - 8*p**2 + 2. Let q be t(8). Suppose -b = b - x - q, 3*x = 6. Suppose b*s = -s - 3. What is r(s)?
7
Let o(c) = -4*c**2 + 1. Suppose 8*d - 2*v + 141 = 3*d, 0 = -5*d + 3*v - 139. Let a = d - -36. Let g = 6 - a. Determine o(g).
-3
Let f be 0 - (-4 + 1 + 1). Let x(n) be the first derivative of n**3/3 + n**2 - n + 377. What is x(f)?
7
Let c(k) = -4*k + 1. Let h(t) = 5*t - 1. Let w(s) = 4*c(s) + 3*h(s). Let i(b) = -9*b**2 - 3*b + 4. Let y(a) = i(a) - 4*w(a). Give y(-1).
-10
Suppose u + 4*v + 8 = 4, 4*v = 4. Let s(z) = -8 - z**2 - 9*z + 5*z - 4*z. Determine s(u).
-8
Suppose -l = 3*l + 2*f - 36, -5*f = 0. Let z = 10 - l. Let s = -6 + z. Let u(t) = t - 3. Give u(s).
-8
Let i(o) = -o - 1. Suppose -15*v + 15 = -10*v. Suppose 2*f - v = 5. Determine i(f).
-5
Suppose -4*g - 2*g + 24534 = 0. Let q(a) = -g + 4089 - 5*a. Give q(1).
-5
Let l(d) = -d**2 - 8*d + 2. Let h = -29 + 37. Suppose -5*w + 2*o = 48, -2*o + h = -0*o. Give l(w).
2
Let v(n) = -35*n. Let 